 c(x) = x**3 + x**2 - 30*x + 4. Let i be c(o). What is t(i)?
-10
Let b(s) be the second derivative of 0*s**2 + 25/12*s**4 + 0 + 1/120*s**6 + 0*s**3 + 0*s**5 + 10*s. Let y(g) be the third derivative of b(g). Calculate y(1).
6
Let b(m) = -489*m + 2*m**2 + 943*m - 6 - 3*m**2 - 462*m. Let l(n) = 2*n + 1. Suppose 3*x - 24 = 3*o - 0*x, -2*x + 20 = -3*o. Let i be l(o). Calculate b(i).
1
Let h(z) = z**3 + 7*z**2 + 3*z + 10. Suppose -1381 = 8*a + 995. Let c = -304 - a. Give h(c).
-11
Let q(h) = -2*h**2 + h - 1. Let c be -10 - ((-5)/(-25) + 51/(-5)). Give q(c).
-1
Let d(v) = 2*v**2 - 33*v + 133. Suppose -18 = -2*l, -5*p - 2314*l + 54 = -2313*l. Give d(p).
-2
Let j(g) = -g**2 + 3*g + 405. Let b be j(-19). Let d(k) = -3*k**2 - 41*k - 28. What is d(b)?
-2
Let y(j) = 2*j**2 + 5*j + 2. Let r(t) = -4*t - 23. Let c = -52 + 57. Let a be (c/((-10)/6) - -8)/(-1). Let d be r(a). Determine y(d).
5
Let a(l) be the third derivative of -l**6/24 + l**4/8 - l**3/3 - 655*l**2. Calculate a(1).
-4
Let o(b) be the third derivative of 7*b**4/24 - b**3/6 - b**2. Let v be o(1). Let g(l) be the first derivative of -l**3/3 + 2*l**2 - 7*l + 23. Calculate g(v).
-19
Let w(j) = 1. Let k(p) = -p - 49 + 25 + 31. Let a(x) = -2*k(x) + 14*w(x). Calculate a(-3).
-6
Let y(u) = -u**2 - 7*u + 9. Let f(k) = -11*k - 49. Let d be f(-6). Let l = d + -5. Let v be ((-30)/8 - -2)/(3/l). Give y(v).
9
Let i(n) = -n**3 - 9*n**2 + 3*n - 7. Let k be i(-9). Let a = 42 + k. Let y(p) = p**3 - 7*p**2 - 9*p + 5. What is y(a)?
-3
Let f(v) = -26*v**2 + 5*v + 2. Let l(t) = -t**2 + 5*t + 3. Let h(r) = -f(r) + l(r). Calculate h(1).
26
Let l be 0/(1/(2/(-6)*-3)). Let n(s) be the second derivative of 17*s - 1/6*s**3 + 0 - 8*s**2 - 1/12*s**4. Calculate n(l).
-16
Let m(s) = s**2 + 4*s - 3. Suppose 46*h + 2535 = 23*h - 172*h. What is m(h)?
114
Let n(c) = c**2 + 98*c + 304. Let f be n(-3). Let z(o) = o - 31. Calculate z(f).
-12
Let h(p) = -4 - p - 1 - 4*p + 3*p. Suppose -3*n = 4*o + 2*n + 133, 2*o + 2*n = -68. Let l = o + 44. Determine h(l).
-19
Let y(k) = -3*k**2 - 9*k + 7. Let o be y(3). Let u = 49 + o. Suppose 2*c + 4*x - u = 12, -3*c - 4*x + 15 = 0. Let w(r) = -10*r - 1. Calculate w(c).
-11
Let l(p) = 15*p - 19. Let c(s) be the first derivative of 7*s**2/2 - 9*s - 50. Let x(i) = -9*c(i) + 4*l(i). What is x(-5)?
20
Suppose -27*o - 35*o + 496 = 0. Let y(p) = 2*p + 9. Determine y(o).
25
Let m(r) = -r**2 - r + 4. Let q be (4 - -40)/4 - 4. Let s be 254/q - (46/14 - 3). Suppose -10*k = -k + s. What is m(k)?
-8
Suppose 2*j = 5*s + 25, -3*s + 0*s = 3. Let q be (8/j)/((-16)/560). Let p = q - -24. Let w(f) = -f - 9. What is w(p)?
-5
Let v(o) = 15084*o - 4 + 15 - 15067*o + 5*o**2. Let x(b) = b**2 + 2*b + 1. Let f(l) = v(l) - 6*x(l). What is f(5)?
5
Let f be 12*8/18*(-9)/4. Let k(t) = t**2 + 15*t + 34. Calculate k(f).
-2
Suppose 5*x = -5*i, -i = -3*x - 5 - 7. Let u = x + 10. Let j(s) = 5*s**2 + 12*s + 19. Let d(k) = 3*k**2 + 6*k + 10. Let f(t) = u*d(t) - 4*j(t). Give f(7).
1
Let i(o) = -9*o - 3 - 2 + 4*o - 8 + 4*o. What is i(-14)?
1
Let u(y) = -8*y**3 - 150*y**2 - 8*y - 175. Let b(v) = 14*v**3 + 250*v**2 + 14*v + 292. Let n(c) = 7*b(c) + 12*u(c). Give n(25).
-6
Let p(n) be the second derivative of -n**4/6 - 17*n**3/3 + 11*n**2/2 - 5022*n. Give p(-19).
-65
Let s(m) be the third derivative of m**4/12 - 3*m**2 - 26036*m - 2. Let r = -33 + 21. Let k be (-1)/2 + r/(-8). Determine s(k).
2
Let k(w) = -4*w - 4. Let x be (-5)/2*2666/(-215). Suppose x = -9*r + 4. Calculate k(r).
8
Let t(r) = -2*r**3 + r**2 - 1. Let l = 15 - 9. Let b(a) = a - 1. Let k be b(l). Suppose 2 = 3*m + k. Determine t(m).
2
Let w be 39/(-12) - 7/(-28). Let m be 0 + (4 - (5 + w)). Let i(k) = -16 + m*k - 15 + 24. Calculate i(-5).
-17
Let m = 14 - 19. Let i(q) = 0 - 4 + 0 - 943*q + 941*q. Calculate i(m).
6
Let a(j) be the first derivative of 1/4*j**4 - j**2 - 1 + 4/3*j**3 - 3*j. Suppose -5*s + 39 = -18*s. Determine a(s).
12
Let m(o) = -5*o**2 + 14*o + 13. Let r(f) = 14*f**2 - 41*f - 38. Let j(c) = 17*m(c) + 6*r(c). Let l(a) = -288*a + 143*a + 106 + 117*a. Let t be l(4). Give j(t).
5
Let x(c) be the first derivative of -c**2/2 - 2*c - 432. Let k = -29 + 27. Calculate x(k).
0
Suppose 7*k - 3*q - 55 = 0, -65*k + 60*k + 3*q + 35 = 0. Let j(z) = -3*z + 29. Give j(k).
-1
Let k be (-1 - 0)*(-8 - (505 + 3)). Let n be ((-7)/4)/(k/(-48) - -11). Let r(l) = l**2 + 10*l + 7. Calculate r(n).
-14
Let i(c) = 133*c**3 - c**2 - 7*c + 16. Let u(v) = -155*v**3 + 2*v**2 + 8*v - 15. Let r(b) = 7*i(b) + 6*u(b). Determine r(-6).
-8
Let v(l) = -l - 8*l - 7*l - 90 + 4*l - 5*l. Let a be v(-5). Let w(p) = 5*p + 6. Give w(a).
-19
Let s(u) = -151*u - u**2 - 151*u - 12*u**3 - 3*u**3 + 303*u. Give s(1).
-15
Suppose 0 = 184*h + 48316 - 47948. Let m(a) = 14*a**3 + 23*a**2 - 17*a + 23. Let u(r) = -5*r**3 - 8*r**2 + 6*r - 8. Let w(i) = 6*m(i) + 17*u(i). Calculate w(h).
18
Let s(q) = -q**3 - 6*q**2 - 4*q + 5. Let m be s(-5). Let o(h) = 12783*h - h**3 + h**2 - 6391*h - 6392*h + 16. Calculate o(m).
16
Let l = 154 - 61. Let n(t) = -9 - 201*t - t**2 + l*t + 101*t. Suppose 4*i + 1 + 27 = 0. Give n(i).
-9
Let m(f) be the second derivative of -f**5/20 - f**4/3 + 5*f**3/6 - 2*f**2 + f. Let w = 8 + 115. Suppose -25*i - 2 = w. Give m(i).
-4
Suppose -12*k - 16*k = -6*k - 220. Let h(t) = 2*t**2 - 15*t - 5. Calculate h(k).
45
Let r(m) = m**3 + 9*m**2 + 2*m + 7. Let g be r(-9). Let f = g - -5. Let x(s) be the third derivative of -s**4/24 - 2*s**3 + 15*s**2 + 3*s. What is x(f)?
-6
Suppose -4*p - 8*o + 24 = 0, 3*p + 23*o - 21*o = 6. Let x(i) = i**3 - 2*i + 18. Give x(p).
18
Let f(b) be the first derivative of -1/4*b**4 + 6*b + 8/3*b**3 + 167 + 3/2*b**2. Calculate f(8).
30
Let t(v) = 7*v - 9. Let y(j) = 3*j - 4. Let h(p) = -4*t(p) + 9*y(p). Let f(w) = -1. Let r be (-7)/((-7)/(-8)) + 3. Let d(a) = r*h(a) - 5*f(a). Determine d(-4).
-15
Let g(m) = -m**2 - 13*m + 11. Suppose 33*t = -4985 + 5018. What is g(t)?
-3
Suppose 69*t - 39 = -46 - 62. Let x(b) be the first derivative of -b**5/8 - b**3 + 4. Let a(s) be the third derivative of x(s). Calculate a(t).
15
Let z(b) be the third derivative of -b**5/60 - 23*b**4/24 - 3*b**3/2 + 5*b**2. Let k be z(-22). Suppose -4*a + k*a = -27. Let g(x) = -x**2 - 3*x + 2. Give g(a).
2
Let v(m) = -17 + 22*m - 68*m + 18*m + 31*m. Let y(i) = 3*i**2 + 2*i. Let r be y(-2). Calculate v(r).
7
Let g(m) be the first derivative of m**4/4 + 29*m**3/3 + 12*m**2 - 123*m - 3756. What is g(-28)?
-11
Suppose 130 = -13*t + 494. Suppose -t*a + 25*a = 12. Let i(p) = -3*p - 8. Give i(a).
4
Suppose 0 = 3*v - 4*v - 5*o - 33, -3*v - 116 = -2*o. Let t = -33 - v. Let x(z) = z**2 + 2 - 7*z**2 - z - z**3 - t*z. Calculate x(-5).
7
Let c = -2 + -6. Let t be -1 + -51 + (-4 - c). Let n be (-3)/(27/t) - 3/9. Let o(g) = -g**3 + 6*g**2 - 5*g + 1. What is o(n)?
1
Let z(d) = 2*d + 4. Let m(u) = 321*u**2 - u - 1. Let f be m(1). Let a be (-4)/22 - 1537/f. What is z(a)?
-6
Let h = -3767 - -3770. Let s(l) be the second derivative of 5/2*l**2 + 1/6*l**h + 0 + 21*l. Calculate s(-9).
-4
Let u(w) = -w**2 + 6. Let a(m) = m - 1. Let o = 380 + -384. Let k(q) = o*a(q) - u(q). Give k(5).
3
Let w(x) = x**2 + 4*x. Let r be (-18 + 3)/((-6)/(-148)). Let p = r - -368. Calculate w(p).
-4
Let y be ((-570)/25)/19 - 126/(-5). Let l = y - 38. Let m(i) = i**3 + 14*i**2 + 7. Give m(l).
7
Let z = -2851 - -2846. Let h(a) = -2*a**3 - 10*a**2 - 4*a - 29. Determine h(z).
-9
Let b(z) be the first derivative of -1/2*z**2 + 0*z - 58. What is b(-3)?
3
Suppose 27*w + 34*w - 15 = 56*w. Let l(o) be the second derivative of 0 + w*o**2 + 1/6*o**3 + 9*o. Calculate l(-7).
-1
Let c(y) be the first derivative of -y**3/6 + 27*y**2/2 + 164*y + 216. Let t(v) be the first derivative of c(v). Give t(14).
13
Let j(c) = 5*c**2 + 22*c**2 + c**3 - 15 - 30*c**2 + 4*c - 7*c + 8*c. What is j(5)?
60
Let d(w) = -2*w - 35 + 16 + 2 + 16. Give d(6).
-13
Let m(s) = 2*s**2 - 28*s + 21. Let n be m(13). Let p(a) = -11*a**2 + 7*a + 59. Let l(h) = 7*h**2 - 5*h - 38. Let i(c) = n*p(c) - 8*l(c). What is i(7)?
-5
Suppose d = g - 6*g - 15, 0 = -4*g - 4*d - 12. Let o(c) be the third derivative of c**5/60 + c**4/8 - c**3/3 - 27*c**2 - 2*c. Determine o(g).
-2
Let u be (-2 + 0)/(2/(-1 - 1)). Let q(d) = u*d**2 + 3*d**3 - 12 + 6 + 5. Determine q(2).
31
Let k be ((-11)/(22/112))/1. Let n be (k/(-2